/(-4)*(-18)/(-15). Calculate the greatest common divisor of 15 and y.
15
Let w be (2 - 4)/(-1) - -32. What is the highest common factor of w and 85?
17
Let a(t) = 13*t + 7. Let g be a(5). Suppose 3*n = -0*n + g. Suppose 2*d + 91 = 4*r - 3*d, -3*r = -3*d - 69. What is the highest common factor of r and n?
24
Let c(o) be the first derivative of -2*o**2 - 3*o - 6. Let x be c(-2). Calculate the greatest common factor of 5 and x.
5
Suppose -165 = -3*a - 0*c - c, -4*a + 3*c = -220. What is the highest common divisor of 11 and a?
11
Let n be 3 + 187 - (-1)/((-1)/3). Calculate the greatest common factor of 17 and n.
17
Suppose -5*z + 3*z - 2 = 0. Let l(g) = -67*g - 1. Let o be l(z). Calculate the highest common factor of o and 6.
6
Let a be (0 + (0 - -2))/2. Let d be 64/6*(2 + a). What is the highest common divisor of 80 and d?
16
Let w be -2 + (149/2)/((-7)/(-14)). Calculate the highest common divisor of w and 21.
21
Let i(z) = -z + 7. Let a be i(3). Suppose 3*k + 21 = -2*h + a*h, -5*h - 2*k = -100. Calculate the greatest common divisor of h and 144.
18
Let z be (-1 - -2) + (-42)/(-3). Suppose 3*t - 3*m = -9, 4*t + 5*m - 9 = z. Let h be 5 + -2 - (-23)/t. What is the greatest common divisor of 13 and h?
13
Let g be (81/6)/((-6)/(-32)). What is the highest common divisor of 8 and g?
8
Let x be (1*(-68)/16)/((-2)/16). Calculate the greatest common factor of x and 136.
34
Let u be 7*(-14)/(-4 + 2). Suppose -u + 177 = 4*c. Suppose 0 = h + 2*i - 3 + 9, 2 = -2*h - 2*i. Calculate the greatest common divisor of c and h.
4
Let a(c) = -15*c - 1. Let t be a(-1). What is the highest common divisor of t and 70?
14
Let f be -1 + 2 + 1*2. Let s(h) = 2*h**3 - 2*h**2 + h - 2. Let k be s(2). Let c = k - f. Calculate the greatest common factor of 5 and c.
5
Suppose -v - 2*v + 5*k + 4 = 0, 0 = -v - 2*k + 16. What is the greatest common factor of v and 16?
8
Let n be (-10)/(-1)*(-33)/(-22). Let r be n + (-1 + -3)/(-2). What is the greatest common factor of r and 34?
17
Let f = -5 - -7. Let t(v) = 25*v + 1. Let u be t(1). Let q = u + -16. Calculate the greatest common divisor of q and f.
2
Suppose 0*g + 5*g - 40 = 0. Let m(y) = -6*y - 16. Let u be m(-12). Calculate the highest common divisor of g and u.
8
Suppose l - 12 = -m, l - 3*m = -7*m. Suppose 0*x = x - 112. What is the greatest common divisor of l and x?
16
Suppose 5*w - 151 - 124 = 0. Calculate the greatest common factor of w and 22.
11
Let g be (1 + 77)*(-5)/(-15). Calculate the greatest common divisor of 13 and g.
13
Let g(y) = y + 2. Let o be g(-4). Let j be (-1)/(1*1/6). Let h be o/j - (-8)/3. What is the highest common divisor of 21 and h?
3
Let i(v) = -5*v + 3. Let p be i(-5). Suppose 2*n + 7 = 147. Calculate the greatest common divisor of p and n.
14
Suppose -i = -4*i + 243. Calculate the greatest common divisor of 9 and i.
9
Let a be 3 + -5 - (0 - 0). Let b be -3*(6/1)/a. What is the greatest common divisor of 1 and b?
1
Let a = 11 + -6. Suppose 4*w = 198 + 254. Let d = -73 + w. What is the highest common factor of d and a?
5
Let t be (-145)/(-45) - (-2)/(-9). Suppose 4*f = -8, t*f = -4*y - 0*y + 18. What is the greatest common factor of y and 6?
6
Let p(f) be the second derivative of -f**5/20 + f**4/12 + f**3/6 + 11*f**2 - 4*f. Let v be p(0). What is the highest common factor of v and 2?
2
Let d be -2 - -4 - (0 + -1 + -6). Suppose 3*o - o - 6 = 0. Suppose -o*b = b - 12. What is the highest common divisor of b and d?
3
Let n = -38 + 39. What is the highest common divisor of n and 2?
1
Let u(k) = -k**2 - 6*k + 6. Let p be u(-6). Let c(v) = -2*v + p*v + 3*v - 4*v. Let y be c(1). What is the greatest common divisor of 18 and y?
3
Let y(t) = t**2 + 6*t + 6. Let u be y(-6). What is the highest common divisor of 1 and u?
1
Suppose 5*o = 8*o. Suppose 84 = -o*a + 2*a. Calculate the highest common divisor of a and 14.
14
Let v be (-75)/(-5)*(-2)/(-6). Suppose -v*q + 40 = -0*q. Let k = -165 + 253. Calculate the highest common divisor of k and q.
8
Let j(h) = h**2 - 6*h + 5. Let y be j(6). Suppose 2*g + y + 3 = c, 18 = 5*c + g. What is the greatest common factor of c and 6?
2
Suppose 2*w = 2*d - 12, -5*w - 19 = -4*d + 8. Let h be 3/d - (-2)/1. Let z be (-5)/(((-2)/(-2))/(-6)). What is the greatest common factor of h and z?
3
Let k = 36 + -26. Let r = 137 - 57. Calculate the greatest common divisor of r and k.
10
Suppose 4*j - 696 = -4*u + j, j = -2*u + 348. Suppose -3*z = -0*f - 3*f - u, 3*f = -5*z + 330. Calculate the highest common divisor of z and 7.
7
Suppose -3*w = 2*w - 60. Suppose 2*x = 3*k + 84, -x + 32 = -k + 2*k. What is the greatest common factor of w and x?
12
Let b = 5 + -3. Suppose 8*k + 23 = t + 3*k, -3*t - b*k + 69 = 0. Calculate the highest common factor of t and 253.
23
Let o be 6/4*(2 - 0). Suppose -2*s + s + o = 0. Calculate the greatest common factor of 1 and s.
1
Let z = -12 + 12. Let n be 5/((-20)/(-52)) + z. Let s be 106 + 0 - (2 - 0). What is the greatest common divisor of n and s?
13
Suppose 3*q + 2*c = 218, q + 3*c - 76 = -c. Calculate the greatest common factor of q and 54.
18
Let q = 17 + 17. Calculate the highest common divisor of q and 136.
34
Let a = -8 + 11. Suppose -33 = m - 3*m + a*b, -5*m + 63 = -b. Suppose 96 = l + 3*l. What is the greatest common factor of l and m?
12
Suppose -3*h - 3 = 0, 3*n + h + 43 = -0*h. Let v be (1 + 6)*(-12)/n. Calculate the greatest common factor of 9 and v.
3
Suppose -5*z - 73 = -3*o, 2*z = 5*o - 103 + 13. Calculate the highest common factor of 16 and o.
16
Let y be (-33)/(-12) + 1/4. What is the highest common divisor of y and 2?
1
Let h be (2 + 3)*(-76)/(-10). Suppose -136 - 35 = -3*k. Calculate the greatest common divisor of h and k.
19
Let m = 22 - 12. Suppose -6*o + m = -4*o. Let f(l) = 5*l**3 + 2*l**2 - l - 1. Let z be f(1). What is the highest common factor of z and o?
5
Let s(z) = z**3 + 9*z**2 - 13*z + 4. Let l be s(-10). Let i be (-1 + l)*(-32)/(-48). What is the greatest common factor of 44 and i?
22
Let h = 2 - -33. Let m(b) = 2*b**2 - 5*b + 4. Let s = -2 - -5. Let w be m(s). What is the greatest common divisor of h and w?
7
Let o(b) = -b + 29. Let m be o(12). Calculate the highest common divisor of m and 17.
17
Suppose 5 + 3 = 4*u. Suppose -u*j - 120 = -6*j. Let n be ((-4)/10)/((-3)/45). What is the highest common divisor of n and j?
6
Let c(j) be the first derivative of j**2 + 20*j - 8. Let m be c(0). Calculate the greatest common factor of 4 and m.
4
Let s be (-2)/(-3)*114 - -1. Let g = 7 + 0. What is the highest common divisor of g and s?
7
Let x be (12/10)/((-54)/(-720)). Suppose -3*w + w = -16. Calculate the highest common factor of x and w.
8
Let r = 17 + 9. Suppose 4*h = 3*j + r, 2*h + 4*j - 2 = -0*h. Suppose h*n = 12 + 88. What is the greatest common factor of n and 4?
4
Suppose 0 = i - 7. Suppose i*m - 3*m = 264. What is the greatest common factor of m and 44?
22
Let p(o) = o**3 - 6*o**2 - o + 4. Let u be p(6). Let w be u/4 + 10/4. Calculate the highest common divisor of w and 4.
2
Let s(o) = o**3 - o**2 - 1. Let y be (-6)/(-2) + -4 + 3. Let p be s(y). Suppose -r = -p*r + 506. What is the greatest common factor of 23 and r?
23
Let h be 1 + (-2 - -6) + -1. Let x = h - -16. Let y be -1 - -3 - (-45 - -17). What is the greatest common divisor of y and x?
10
Suppose -p - 17 = -3*c, 2*p + 20 = -2*p. Calculate the greatest common divisor of c and 1.
1
Let b be (-1)/(-3) - 8/(-3). Suppose -8 = 2*o - b*o. Calculate the highest common factor of 64 and o.
8
Suppose 2*t - 46 - 38 = 0. What is the highest common factor of t and 21?
21
Suppose 5*p - 6 = 4, 0 = -5*h - 3*p + 406. Let g = 129 - 113. What is the greatest common factor of h and g?
16
Suppose 7*x - 23 = 6*x. Calculate the greatest common factor of x and 207.
23
Let b be ((-2)/4)/((-3)/66). Let h = 99 - 66. Calculate the greatest common divisor of b and h.
11
Let t(p) = -14*p + 8. Let w be t(-13). Let m = -118 + w. What is the greatest common divisor of m and 18?
18
Suppose -6*p = -8*p + 210. Calculate the greatest common divisor of 70 and p.
35
Let p(y) = 10*y - 4. Let u(g) = -161*g + 63. Let k(b) = 49*p(b) + 3*u(b). Let f be k(7). What is the highest common divisor of 28 and f?
14
Let b(t) = t**2 + 5*t + 4. Let d be b(-5). Suppose 0 = -d*a - i + 133, 4*a + 2*i - 4*i = 118. What i